{"id":7,"date":"2019-03-09T11:54:11","date_gmt":"2019-03-09T10:54:11","guid":{"rendered":"http:\/\/www.tohubohu.top\/index.php\/home\/"},"modified":"2025-05-08T19:28:00","modified_gmt":"2025-05-08T17:28:00","slug":"home","status":"publish","type":"page","link":"https:\/\/www.tohubohu.top\/","title":{"rendered":"Accueil"},"content":{"rendered":"<p>Chant, trompette, guitare, percussions et contrebasse, Tohu Bohu d\u00e9poussi\u00e8re et m\u00e9lange les titres connus ou moins connus, une balade color\u00e9e qui va vous faire swinguer !<\/p>\n","protected":false},"excerpt":{"rendered":"<p>Chant, trompette, guitare, percussions et contrebasse, Tohu Bohu d\u00e9poussi\u00e8re et m\u00e9lange les titres connus ou moins connus, une balade color\u00e9e qui va vous faire swinguer !<\/p>\n","protected":false},"author":1,"featured_media":0,"parent":0,"menu_order":0,"comment_status":"closed","ping_status":"closed","template":"page-templates\/one-page.php","meta":{"footnotes":""},"class_list":["post-7","page","type-page","status-publish","hentry","no-thumbnail"],"_links":{"self":[{"href":"https:\/\/www.tohubohu.top\/index.php\/wp-json\/wp\/v2\/pages\/7","targetHints":{"allow":["GET"]}}],"collection":[{"href":"https:\/\/www.tohubohu.top\/index.php\/wp-json\/wp\/v2\/pages"}],"about":[{"href":"https:\/\/www.tohubohu.top\/index.php\/wp-json\/wp\/v2\/types\/page"}],"author":[{"embeddable":true,"href":"https:\/\/www.tohubohu.top\/index.php\/wp-json\/wp\/v2\/users\/1"}],"replies":[{"embeddable":true,"href":"https:\/\/www.tohubohu.top\/index.php\/wp-json\/wp\/v2\/comments?post=7"}],"version-history":[{"count":0,"href":"https:\/\/www.tohubohu.top\/index.php\/wp-json\/wp\/v2\/pages\/7\/revisions"}],"wp:attachment":[{"href":"https:\/\/www.tohubohu.top\/index.php\/wp-json\/wp\/v2\/media?parent=7"}],"curies":[{"name":"wp","href":"https:\/\/api.w.org\/{rel}","templated":true}]}}